{"id":13403,"date":"2018-06-22T10:30:28","date_gmt":"2018-06-22T08:30:28","guid":{"rendered":"https:\/\/lalalaeditorial.com\/paquete-escolar\/"},"modified":"2023-09-21T11:43:05","modified_gmt":"2023-09-21T09:43:05","slug":"paquete-escolar","status":"publish","type":"page","link":"https:\/\/lalalaeditorial.com\/ca\/tutty-joc-families-diverses\/paquete-escolar\/","title":{"rendered":"Pack material escolar"},"content":{"rendered":"[spb_column width=&#8221;1\/2&#8243; el_position=&#8221;first&#8221;] [spb_revslider revslider_shortcode=&#8221;paquete-tutty 1&#8243; width=&#8221;1\/1&#8243; el_position=&#8221;first last&#8221;] [blank_spacer height=&#8221;50px&#8221; width=&#8221;1\/1&#8243; el_position=&#8221;first last&#8221;] [\/spb_column] [spb_column width=&#8221;1\/2&#8243; el_position=&#8221;last&#8221;] [spb_accordion active_section=&#8221;0&#8243; width=&#8221;1\/1&#8243; el_position=&#8221;first last&#8221;] [spb_accordion_tab title=&#8221;PACK ESCOLAR&#8221; accordion_id=&#8221;&#8221; icon=&#8221;&#8221;] [spb_text_block pb_margin_bottom=&#8221;no&#8221; pb_border_bottom=&#8221;no&#8221; width=&#8221;1\/1&#8243; el_position=&#8221;first last&#8221;]\n<p>En el seu format per a centres escolars, el projecte es dirigeix a<strong> 5\u00e8 i 6\u00e8 d&#8217;Educaci\u00f3 Prim\u00e0ria.<\/strong><\/p>\n<p style=\"text-align: justify;\">CONT\u00c9:<\/p>\n<ul>\n<li style=\"list-style-type: none;\">\n<ul>\n<li><strong>Bossa de cot\u00f3<\/strong> amb les certificacions que atorguen els segells de garantia de Comer\u00e7 Just i t\u00e8xtil ecol\u00f2gica. Serigrafiada amb la imatge del projecte.<\/li>\n<li><strong>8 baralles de Tutty<\/strong><\/li>\n<\/ul>\n<\/li>\n<\/ul>\n[\/spb_text_block] [\/spb_accordion_tab] [spb_accordion_tab title=&#8221;EL JOC&#8221; accordion_id=&#8221;&#8221; icon=&#8221;&#8221;] [spb_text_block pb_margin_bottom=&#8221;no&#8221; pb_border_bottom=&#8221;no&#8221; width=&#8221;1\/1&#8243; el_position=&#8221;first last&#8221;]\n<p style=\"text-align: justify;\">Tutty \u00e9s per a dos, tres o quatre jugadores <strong>a partir de vuit anys d&#8217;edat<\/strong>. L&#8217;objectiu \u00e9s formar una fam\u00edlia, per a aix\u00f2 s&#8217;ofereixen 28 personatges diversos. Una fam\u00edlia Tutty ha de comptar amb sis o m\u00e9s personatges i estan compostes per tres generacions: menor, adulta i major. Per tant, hi ha una infinitat de diferents combinacions possibles.<\/p>\n<p style=\"text-align: justify;\">\u00c9s molt m\u00e9s que una baralla de cartes. Pret\u00e9n impulsa el respecte a la diversitat afectiva i familiar.<\/p>\n<p style=\"text-align: justify;\">Les 48 cartes, les instruccions m\u00e9s la caixa de Tutty s&#8217;han impr\u00e8s a cuatricrom\u00eda al costat de la nostra comarca La Marina Alta; en&nbsp;<strong>paper reciclat<\/strong> procedent de tales controlades.<\/p>\n[\/spb_text_block] [\/spb_accordion_tab] [\/spb_accordion] [spb_text_block pb_margin_bottom=&#8221;no&#8221; pb_border_bottom=&#8221;no&#8221; width=&#8221;1\/1&#8243; el_position=&#8221;first last&#8221;]\n<p><strong>NOTA:<\/strong> Disponible en la web <strong>recursos<\/strong> per a treballar en l&#8217;aula junt amb el pack escolar. Es tracta de la <a href=\"https:\/\/lalalaeditorial.com\/wp-content\/uploads\/2021\/03\/GuiaDidactica_TUTTY-UN-JOC-DE-FAMILIES-DIVERSES.pdf\" target=\"_blank\" rel=\"noopener\"><strong>guia did\u00e0ctica<\/strong><\/a> i el <a href=\"https:\/\/lalalaeditorial.com\/ca\/tutty-joc-families-diverses\/audiovisual-tutty\/\" target=\"_blank\" rel=\"noopener\"><strong>v\u00eddeo tutorial<\/strong><\/a><\/p>\n[\/spb_text_block] [\/spb_column] [spb_text_block pb_margin_bottom=&#8221;no&#8221; pb_border_bottom=&#8221;no&#8221; el_class=&#8221;colorverde&#8221; width=&#8221;1\/1&#8243; el_position=&#8221;first last&#8221;]\n<div class=\"one_third\"><a class=\"sf-button large black standard \" href=\"https:\/\/lalalaeditorial.com\/wp-content\/uploads\/2023\/09\/TUTTY-Dossier-Escoles-LALALA-Editorial.pdf\" target=\"_blank\"><span>Descarregar dossier escolar<\/span><\/a><\/div><div class=\"one_third\"><a class=\"sf-button large black standard \" href=\"mailto:hola@lalalaeditorial.com\" target=\"_self\"><span>Comanda a trav\u00e9s de email<\/span><\/a><\/div><div class=\"one_third last\"><a class=\"sf-button large black standard \" href=\"https:\/\/lalalaeditorial.com\/wp-content\/uploads\/2021\/03\/GuiaDidactica_TUTTY-UN-JOC-DE-FAMILIES-DIVERSES.pdf\" target=\"_blank\"><span>Guia did\u00e0ctica<\/span><\/a><\/div><div class=\"clearboth\"><\/div>\n&nbsp;<br \/>\n&nbsp;<\/p>\n[\/spb_text_block] [blank_spacer height=&#8221;30px&#8221; width=&#8221;1\/1&#8243; el_position=&#8221;first last&#8221;] [spb_text_block title=&#8221;Informaci\u00f3 complement\u00e0ria per als centres educatius de la Comunitat Valenciana&#8221; pb_margin_bottom=&#8221;no&#8221; pb_border_bottom=&#8221;no&#8221; width=&#8221;1\/1&#8243; el_position=&#8221;first last&#8221;]\n<p>&nbsp;<br \/>\n<div class=\"one_half\">\n<p style=\"text-align: justify;\">El 24 de mar\u00e7 de 2018 ha estat aprovat el Pla director de Coeducaci\u00f3 del Consell Escolar Valenci\u00e0, que t\u00e9&nbsp;com una de les seves caracter\u00edstiques principals abordar de manera espec\u00edfica la identitat de g\u00e8nere, l&#8217;expressi\u00f3 de g\u00e8nere i la diversitat sexual i familiar.<\/p>\n<p style=\"text-align: justify;\">El Pla tamb\u00e9 t\u00e9 com a prop\u00f2sit la normalitzaci\u00f3 d&#8217;un curr\u00edculum coeducatiu, que proposa, entre altres:<br \/>\na. Uns continguts acad\u00e8mics i extra-acad\u00e8mics lliures de biaixos de g\u00e8nere, evitant la perpetuaci\u00f3 de rols i estereotips que generen qualsevol tipus de discriminaci\u00f3.<\/p>\n<p style=\"text-align: justify;\">d. Valorar l&#8217;\u00e0mbit reproductiu i de cures, i en l&#8217;\u00e0mbit productiu superar la segregaci\u00f3 que produeix el mercat laboral a nivell vertical i horitzontal. Aix\u00f2 suposa les incorporacions de propostes i referents de conciliaci\u00f3 i dels usos del temps vinculades necess\u00e0riament a principis de corresponsabilitat.<\/p>\n<p style=\"text-align: justify;\">j. Impulsar mesures tendents a garantir el respecte efectiu de la diversitat d&#8217;orientacions sexuals, aix\u00ed com l&#8217;acceptaci\u00f3 de les diferents expressions d&#8217;identitat de g\u00e8nere que permeten superar estereotips i comportaments sexistes, discriminatoris i violents.<\/div>\n<div class=\"one_half last\">\n<p style=\"text-align: justify;\">Quant als Principis Fonamentals, el punt 3 estableix com a principi la Inclusi\u00f3, que suposa acceptar i valorar la diversitat i les difer\u00e8ncies com a element positiu i enriquidor i que aix\u00f2 no suposi mai ni desigualtat ni discriminaci\u00f3.<\/p>\n<p style=\"text-align: justify;\">Entre els Eixos del Pla Director, en l&#8217;apartat 4, trobem:<\/p>\n<p style=\"text-align: justify;\">EIX 3. EL CURR\u00cdCULUM ESCOLAR<br \/>\nDesenvolupar una educaci\u00f3 en igualtat en coher\u00e8ncia amb els principis democr\u00e0tics, que posi en valor tots els aspectes per a una vida m\u00e9s humanitzada. Com la resoluci\u00f3 pac\u00edfica i constructiva dels conflictes, la diversitat sexual i familiar, les caracter\u00edstiques sexuals, les diferents identitats i expressions de g\u00e8nere i la corresponsabilitat quant a tasques&nbsp; dom\u00e8stiques i de cura de les persones.<\/p>\n<p style=\"text-align: justify;\">EIX 4. MATERIALS CURRICULARS<br \/>\n4) Potenciar la cultura de la igualtat a trav\u00e9s dels materials perqu\u00e8 l&#8217;alumnat valori per igual els referents culturals i cient\u00edfics de dones i homes, i es valorin les tasques dom\u00e8stiques i de cures de les persones.<br \/>\n\u201cTutty. Un joc de fam\u00edlies diverses\u201d \u00e9s un projecte did\u00e0ctic que s&#8217;ajusta al les caracter\u00edstiques i principis del Pla Director aqu\u00ed recollides i que, per tant, pot donar resposta immediata a la necessitat de materials per al desenvolupament d&#8217;aquests eixos.<\/div><div class=\"clearboth\"><\/div>\n[\/spb_text_block] [blank_spacer height=&#8221;30px&#8221; width=&#8221;1\/1&#8243; el_position=&#8221;first last&#8221;]\n","protected":false},"excerpt":{"rendered":"<p>[spb_column width=&#8221;1\/2&#8243; el_position=&#8221;first&#8221;] [spb_revslider revslider_shortcode=&#8221;paquete-tutty 1&#8243; width=&#8221;1\/1&#8243; el_position=&#8221;first last&#8221;] [blank_spacer height=&#8221;50px&#8221; width=&#8221;1\/1&#8243; el_position=&#8221;first last&#8221;] [\/spb_column] [spb_column width=&#8221;1\/2&#8243; el_position=&#8221;last&#8221;] [spb_accordion active_section=&#8221;0&#8243; width=&#8221;1\/1&#8243; el_position=&#8221;first last&#8221;] [spb_accordion_tab title=&#8221;PACK ESCOLAR&#8221; accordion_id=&#8221;&#8221; icon=&#8221;&#8221;] [spb_text_block pb_margin_bottom=&#8221;no&#8221; pb_border_bottom=&#8221;no&#8221; width=&#8221;1\/1&#8243; el_position=&#8221;first last&#8221;] En el seu format per a centres escolars, el projecte es dirigeix a 5\u00e8 i 6\u00e8 d&#8217;Educaci\u00f3 Prim\u00e0ria. CONT\u00c9: Bossa de cot\u00f3 amb les certificacions que [&hellip;]<\/p>\n","protected":false},"author":1,"featured_media":0,"parent":13354,"menu_order":0,"comment_status":"closed","ping_status":"closed","template":"","meta":{"ngg_post_thumbnail":0,"footnotes":""},"class_list":["post-13403","page","type-page","status-publish","hentry"],"_links":{"self":[{"href":"https:\/\/lalalaeditorial.com\/ca\/wp-json\/wp\/v2\/pages\/13403"}],"collection":[{"href":"https:\/\/lalalaeditorial.com\/ca\/wp-json\/wp\/v2\/pages"}],"about":[{"href":"https:\/\/lalalaeditorial.com\/ca\/wp-json\/wp\/v2\/types\/page"}],"author":[{"embeddable":true,"href":"https:\/\/lalalaeditorial.com\/ca\/wp-json\/wp\/v2\/users\/1"}],"replies":[{"embeddable":true,"href":"https:\/\/lalalaeditorial.com\/ca\/wp-json\/wp\/v2\/comments?post=13403"}],"version-history":[{"count":0,"href":"https:\/\/lalalaeditorial.com\/ca\/wp-json\/wp\/v2\/pages\/13403\/revisions"}],"up":[{"embeddable":true,"href":"https:\/\/lalalaeditorial.com\/ca\/wp-json\/wp\/v2\/pages\/13354"}],"wp:attachment":[{"href":"https:\/\/lalalaeditorial.com\/ca\/wp-json\/wp\/v2\/media?parent=13403"}],"curies":[{"name":"wp","href":"https:\/\/api.w.org\/{rel}","templated":true}]}}

[spb_column width=&#8221;1/2&#8243; el_position=&#8221;first&#8221;] [spb_revslider revslider_shortcode=&#8221;paquete-tutty 1&#8243; width=&#8221;1/1&#8243; el_position=&#8221;first last&#8221;] [blank_spacer height=&#8221;50px&#8221; width=&#8221;1/1&#8243; el_position=&#8221;first last&#8221;] [/spb_column] [spb_column width=&#8221;1/2&#8243; el_position=&#8221;last&#8221;] [spb_accordion active_section=&#8221;0&#8243; width=&#8221;1/1&#8243; el_position=&#8221;first last&#8221;] [spb_accordion_tab title=&#8221;PACK ESCOLAR&#8221; accordion_id=&#8221;&#8221; icon=&#8221;&#8221;] [spb_text_block pb_margin_bottom=&#8221;no&#8221; pb_border_bottom=&#8221;no&#8221; width=&#8221;1/1&#8243; el_position=&#8221;first last&#8221;]
<p>En el seu format per a centres escolars, el projecte es dirigeix a<strong> 5è i 6è d&#8217;Educació Primària.</strong></p>
<p style="text-align: justify;">CONTÉ:</p>
<ul>
<li style="list-style-type: none;">
<ul>
<li><strong>Bossa de cotó</strong> amb les certificacions que atorguen els segells de garantia de Comerç Just i tèxtil ecològica. Serigrafiada amb la imatge del projecte.</li>
<li><strong>8 baralles de Tutty</strong></li>
</ul>
</li>
</ul>
[/spb_text_block] [/spb_accordion_tab] [spb_accordion_tab title=&#8221;EL JOC&#8221; accordion_id=&#8221;&#8221; icon=&#8221;&#8221;] [spb_text_block pb_margin_bottom=&#8221;no&#8221; pb_border_bottom=&#8221;no&#8221; width=&#8221;1/1&#8243; el_position=&#8221;first last&#8221;]
<p style="text-align: justify;">Tutty és per a dos, tres o quatre jugadores <strong>a partir de vuit anys d&#8217;edat</strong>. L&#8217;objectiu és formar una família, per a això s&#8217;ofereixen 28 personatges diversos. Una família Tutty ha de comptar amb sis o més personatges i estan compostes per tres generacions: menor, adulta i major. Per tant, hi ha una infinitat de diferents combinacions possibles.</p>
<p style="text-align: justify;">És molt més que una baralla de cartes. Pretén impulsa el respecte a la diversitat afectiva i familiar.</p>
<p style="text-align: justify;">Les 48 cartes, les instruccions més la caixa de Tutty s&#8217;han imprès a cuatricromía al costat de la nostra comarca La Marina Alta; en&nbsp;<strong>paper reciclat</strong> procedent de tales controlades.</p>
[/spb_text_block] [/spb_accordion_tab] [/spb_accordion] [spb_text_block pb_margin_bottom=&#8221;no&#8221; pb_border_bottom=&#8221;no&#8221; width=&#8221;1/1&#8243; el_position=&#8221;first last&#8221;]
<p><strong>NOTA:</strong> Disponible en la web <strong>recursos</strong> per a treballar en l&#8217;aula junt amb el pack escolar. Es tracta de la <a href="https://lalalaeditorial.com/wp-content/uploads/2021/03/GuiaDidactica_TUTTY-UN-JOC-DE-FAMILIES-DIVERSES.pdf" target="_blank" rel="noopener"><strong>guia didàctica</strong></a> i el <a href="https://lalalaeditorial.com/ca/tutty-joc-families-diverses/audiovisual-tutty/" target="_blank" rel="noopener"><strong>vídeo tutorial</strong></a></p>
[/spb_text_block] [/spb_column] [spb_text_block pb_margin_bottom=&#8221;no&#8221; pb_border_bottom=&#8221;no&#8221; el_class=&#8221;colorverde&#8221; width=&#8221;1/1&#8243; el_position=&#8221;first last&#8221;]
<div class="one_third"><a class="sf-button large black standard " href="https://lalalaeditorial.com/wp-content/uploads/2023/09/TUTTY-Dossier-Escoles-LALALA-Editorial.pdf" target="_blank"><span>Descarregar dossier escolar</span></a></div><div class="one_third"><a class="sf-button large black standard " href="mailto:hola@lalalaeditorial.com" target="_self"><span>Comanda a través de email</span></a></div><div class="one_third last"><a class="sf-button large black standard " href="https://lalalaeditorial.com/wp-content/uploads/2021/03/GuiaDidactica_TUTTY-UN-JOC-DE-FAMILIES-DIVERSES.pdf" target="_blank"><span>Guia didàctica</span></a></div><div class="clearboth"></div>
&nbsp;<br />
&nbsp;</p>
[/spb_text_block] [blank_spacer height=&#8221;30px&#8221; width=&#8221;1/1&#8243; el_position=&#8221;first last&#8221;] [spb_text_block title=&#8221;Informació complementària per als centres educatius de la Comunitat Valenciana&#8221; pb_margin_bottom=&#8221;no&#8221; pb_border_bottom=&#8221;no&#8221; width=&#8221;1/1&#8243; el_position=&#8221;first last&#8221;]
<p>&nbsp;<br />
<div class="one_half">
<p style="text-align: justify;">El 24 de març de 2018 ha estat aprovat el Pla director de Coeducació del Consell Escolar Valencià, que té&nbsp;com una de les seves característiques principals abordar de manera específica la identitat de gènere, l&#8217;expressió de gènere i la diversitat sexual i familiar.</p>
<p style="text-align: justify;">El Pla també té com a propòsit la normalització d&#8217;un currículum coeducatiu, que proposa, entre altres:<br />
a. Uns continguts acadèmics i extra-acadèmics lliures de biaixos de gènere, evitant la perpetuació de rols i estereotips que generen qualsevol tipus de discriminació.</p>
<p style="text-align: justify;">d. Valorar l&#8217;àmbit reproductiu i de cures, i en l&#8217;àmbit productiu superar la segregació que produeix el mercat laboral a nivell vertical i horitzontal. Això suposa les incorporacions de propostes i referents de conciliació i dels usos del temps vinculades necessàriament a principis de corresponsabilitat.</p>
<p style="text-align: justify;">j. Impulsar mesures tendents a garantir el respecte efectiu de la diversitat d&#8217;orientacions sexuals, així com l&#8217;acceptació de les diferents expressions d&#8217;identitat de gènere que permeten superar estereotips i comportaments sexistes, discriminatoris i violents.</div>
<div class="one_half last">
<p style="text-align: justify;">Quant als Principis Fonamentals, el punt 3 estableix com a principi la Inclusió, que suposa acceptar i valorar la diversitat i les diferències com a element positiu i enriquidor i que això no suposi mai ni desigualtat ni discriminació.</p>
<p style="text-align: justify;">Entre els Eixos del Pla Director, en l&#8217;apartat 4, trobem:</p>
<p style="text-align: justify;">EIX 3. EL CURRÍCULUM ESCOLAR<br />
Desenvolupar una educació en igualtat en coherència amb els principis democràtics, que posi en valor tots els aspectes per a una vida més humanitzada. Com la resolució pacífica i constructiva dels conflictes, la diversitat sexual i familiar, les característiques sexuals, les diferents identitats i expressions de gènere i la corresponsabilitat quant a tasques&nbsp; domèstiques i de cura de les persones.</p>
<p style="text-align: justify;">EIX 4. MATERIALS CURRICULARS<br />
4) Potenciar la cultura de la igualtat a través dels materials perquè l&#8217;alumnat valori per igual els referents culturals i científics de dones i homes, i es valorin les tasques domèstiques i de cures de les persones.<br />
“Tutty. Un joc de famílies diverses” és un projecte didàctic que s&#8217;ajusta al les característiques i principis del Pla Director aquí recollides i que, per tant, pot donar resposta immediata a la necessitat de materials per al desenvolupament d&#8217;aquests eixos.</div><div class="clearboth"></div>
[/spb_text_block] [blank_spacer height=&#8221;30px&#8221; width=&#8221;1/1&#8243; el_position=&#8221;first last&#8221;]

<p>[spb_column width=&#8221;1/2&#8243; el_position=&#8221;first&#8221;] [spb_revslider revslider_shortcode=&#8221;paquete-tutty 1&#8243; width=&#8221;1/1&#8243; el_position=&#8221;first last&#8221;] [blank_spacer height=&#8221;50px&#8221; width=&#8221;1/1&#8243; el_position=&#8221;first last&#8221;] [/spb_column] [spb_column width=&#8221;1/2&#8243; el_position=&#8221;last&#8221;] [spb_accordion active_section=&#8221;0&#8243; width=&#8221;1/1&#8243; el_position=&#8221;first last&#8221;] [spb_accordion_tab title=&#8221;PACK ESCOLAR&#8221; accordion_id=&#8221;&#8221; icon=&#8221;&#8221;] [spb_text_block pb_margin_bottom=&#8221;no&#8221; pb_border_bottom=&#8221;no&#8221; width=&#8221;1/1&#8243; el_position=&#8221;first last&#8221;] En el seu format per a centres escolars, el projecte es dirigeix a 5è i 6è d&#8217;Educació Primària. CONTÉ: Bossa de cotó amb les certificacions que [&hellip;]</p>
