{"id":11065,"date":"2013-11-22T09:00:28","date_gmt":"2013-11-22T08:00:28","guid":{"rendered":"https:\/\/lalalaeditorial.com\/actividades-complementarias-2\/"},"modified":"2025-02-19T11:38:43","modified_gmt":"2025-02-19T10:38:43","slug":"actividades-complementarias","status":"publish","type":"page","link":"https:\/\/lalalaeditorial.com\/ca\/la-perruca-de-luca-projecte-escolar\/actividades-complementarias\/","title":{"rendered":"Conta contes &#8211; Formaci\u00f3 al professorat"},"content":{"rendered":"[spb_column width=&#8221;1\/2&#8243; el_position=&#8221;first&#8221;] [spb_tabs width=&#8221;1\/1&#8243; el_position=&#8221;first last&#8221;] [spb_tab title=&#8221;FORMACI\u00d3 AL PROFESSORAT&#8221; icon=&#8221;&#8221; id=&#8221;&#8221;] [spb_text_block pb_margin_bottom=&#8221;no&#8221; pb_border_bottom=&#8221;no&#8221; width=&#8221;1\/1&#8243; el_position=&#8221;first last&#8221;]\n<p>Tallers complementaris a les activitats realitzades pels educadors del centre mitjan\u00e7ant la guia did\u00e0ctica i la finalitat de la qual \u00e9s:<\/p>\n<ul>\n<li>Promoure la incoporaci\u00f3n de la coeducaci\u00f3 a les aules.<\/li>\n<li>Compartir experi\u00e8ncies d&#8217;altres centres educatius amb la inclusi\u00f3 de la Perruca de Luca.<\/li>\n<li>Formar al professorat sobre la construcci\u00f3 social de g\u00e8nere.<\/li>\n<li>Exposar els riscos de la socialitzaci\u00f3 en desigualtat entre xiquets i xiquetes.<\/li>\n<\/ul>\n[\/spb_text_block] [\/spb_tab] [spb_tab title=&#8221;CONTA CONTES TEATRALITZAT&#8221; icon=&#8221;&#8221; id=&#8221;&#8221;] [spb_text_block pb_margin_bottom=&#8221;no&#8221; pb_border_bottom=&#8221;no&#8221; width=&#8221;1\/1&#8243; el_position=&#8221;first last&#8221;]\n<p>Adaptaci\u00f3 de la hist\u00f2ria real de Luca a un conta contes teatralitzat amb interacci\u00f3 de l&#8217;alumnat\/p\u00fablic amb la finalitat de:<\/p>\n<ul>\n<li>Despertar el plaer per la lectura.<\/li>\n<li>Desenvolupar valors est\u00e8tics i dram\u00e0tics.<\/li>\n<li>Familiaritzar-se amb la trama i l&#8217;estructura narrativa.<\/li>\n<li>Afavorir l&#8217;escolta i la concentraci\u00f3.<\/li>\n<li>Ensenyar a expressar-se oral i corporalment.<\/li>\n<\/ul>\n[\/spb_text_block] [\/spb_tab] [\/spb_tabs] [blank_spacer height=&#8221;20px&#8221; width=&#8221;1\/1&#8243; el_position=&#8221;first last&#8221;] [spb_text_block pb_margin_bottom=&#8221;no&#8221; pb_border_bottom=&#8221;no&#8221; el_class=&#8221;colorverde&#8221; width=&#8221;1\/1&#8243; el_position=&#8221;first last&#8221;]\n<div class=\"one_half\"><a class=\"sf-button large black standard \" href=\"https:\/\/lalalaeditorial.com\/wp-content\/uploads\/2025\/02\/LA-PERRUCA-DE-LUCA_Dossier-col-legi-LALALA-Editorial_02-25.pdf\" target=\"_blank\"><span>Descarregar dossier<\/span><\/a><\/div><div class=\"one_half last\"><a class=\"sf-button large black standard \" href=\"mailto:hola@lalalaeditorial.com\" target=\"_self\"><span>Sol\u00b7licitar a trav\u00e9s d&#8217;email<\/span><\/a><\/div><div class=\"clearboth\"><\/div>\n<p>&nbsp;<\/p>\n<p>&nbsp;<\/p>\n[\/spb_text_block] [\/spb_column] [spb_column width=&#8221;1\/2&#8243; el_position=&#8221;last&#8221;] [spb_revslider revslider_shortcode=&#8221;actividades 1&#8243; width=&#8221;1\/1&#8243; el_position=&#8221;first last&#8221;] [\/spb_column] [spb_row parallax_image_height=&#8221;content-height&#8221; parallax_image_movement=&#8221;fixed&#8221; parallax_image_speed=&#8221;0.5&#8243; parallax_video_height=&#8221;window-height&#8221; parallax_video_overlay=&#8221;none&#8221; row_overlay_opacity=&#8221;0&#8243; vertical_center=&#8221;true&#8221; width=&#8221;1\/1&#8243; el_position=&#8221;first last&#8221;] [spb_text_block pb_margin_bottom=&#8221;no&#8221; pb_border_bottom=&#8221;no&#8221; width=&#8221;1\/1&#8243; el_position=&#8221;first last&#8221;]\n<p>Des de la Regidoria d&#8217;Igualtat de l&#8217;Ajuntament d&#8217;Ontinyent es va contractar el projecte coeducatiu de &#8220;La perruca de Luca&#8221; per a pr\u00e0cticament tots els col\u00b7legis del municipi.<\/p>\n<p>Vam estar all\u00ed amb el teatre infantil i el paquet escolar amb la intenci\u00f3 d&#8217;afavorir la possibilitat que cada xiquet i cada xiqueta es desenrotlle lliurement.<\/p>\n[\/spb_text_block] [\/spb_row] [spb_video link=&#8221;https:\/\/www.youtube.com\/watch?v=Q2pp8oQatK0&#8243; full_width=&#8221;no&#8221; width=&#8221;1\/1&#8243; el_position=&#8221;first last&#8221;]\n","protected":false},"excerpt":{"rendered":"<p>[spb_column width=&#8221;1\/2&#8243; el_position=&#8221;first&#8221;] [spb_tabs width=&#8221;1\/1&#8243; el_position=&#8221;first last&#8221;] [spb_tab title=&#8221;FORMACI\u00d3 AL PROFESSORAT&#8221; icon=&#8221;&#8221; id=&#8221;&#8221;] [spb_text_block pb_margin_bottom=&#8221;no&#8221; pb_border_bottom=&#8221;no&#8221; width=&#8221;1\/1&#8243; el_position=&#8221;first last&#8221;] Tallers complementaris a les activitats realitzades pels educadors del centre mitjan\u00e7ant la guia did\u00e0ctica i la finalitat de la qual \u00e9s: Promoure la incoporaci\u00f3n de la coeducaci\u00f3 a les aules. Compartir experi\u00e8ncies d&#8217;altres centres educatius amb la inclusi\u00f3 de la Perruca [&hellip;]<\/p>\n","protected":false},"author":1,"featured_media":0,"parent":13201,"menu_order":0,"comment_status":"closed","ping_status":"closed","template":"","meta":{"ngg_post_thumbnail":0,"footnotes":""},"class_list":["post-11065","page","type-page","status-publish","hentry"],"_links":{"self":[{"href":"https:\/\/lalalaeditorial.com\/ca\/wp-json\/wp\/v2\/pages\/11065"}],"collection":[{"href":"https:\/\/lalalaeditorial.com\/ca\/wp-json\/wp\/v2\/pages"}],"about":[{"href":"https:\/\/lalalaeditorial.com\/ca\/wp-json\/wp\/v2\/types\/page"}],"author":[{"embeddable":true,"href":"https:\/\/lalalaeditorial.com\/ca\/wp-json\/wp\/v2\/users\/1"}],"replies":[{"embeddable":true,"href":"https:\/\/lalalaeditorial.com\/ca\/wp-json\/wp\/v2\/comments?post=11065"}],"version-history":[{"count":1,"href":"https:\/\/lalalaeditorial.com\/ca\/wp-json\/wp\/v2\/pages\/11065\/revisions"}],"predecessor-version":[{"id":14287,"href":"https:\/\/lalalaeditorial.com\/ca\/wp-json\/wp\/v2\/pages\/11065\/revisions\/14287"}],"up":[{"embeddable":true,"href":"https:\/\/lalalaeditorial.com\/ca\/wp-json\/wp\/v2\/pages\/13201"}],"wp:attachment":[{"href":"https:\/\/lalalaeditorial.com\/ca\/wp-json\/wp\/v2\/media?parent=11065"}],"curies":[{"name":"wp","href":"https:\/\/api.w.org\/{rel}","templated":true}]}}

Conta contes &#8211; Formació al professorat

[spb_column width=&#8221;1/2&#8243; el_position=&#8221;first&#8221;] [spb_tabs width=&#8221;1/1&#8243; el_position=&#8221;first last&#8221;] [spb_tab title=&#8221;FORMACIÓ AL PROFESSORAT&#8221; icon=&#8221;&#8221; id=&#8221;&#8221;] [spb_text_block pb_margin_bottom=&#8221;no&#8221; pb_border_bottom=&#8221;no&#8221; width=&#8221;1/1&#8243; el_position=&#8221;first last&#8221;]
<p>Tallers complementaris a les activitats realitzades pels educadors del centre mitjançant la guia didàctica i la finalitat de la qual és:</p>
<ul>
<li>Promoure la incoporación de la coeducació a les aules.</li>
<li>Compartir experiències d&#8217;altres centres educatius amb la inclusió de la Perruca de Luca.</li>
<li>Formar al professorat sobre la construcció social de gènere.</li>
<li>Exposar els riscos de la socialització en desigualtat entre xiquets i xiquetes.</li>
</ul>
[/spb_text_block] [/spb_tab] [spb_tab title=&#8221;CONTA CONTES TEATRALITZAT&#8221; icon=&#8221;&#8221; id=&#8221;&#8221;] [spb_text_block pb_margin_bottom=&#8221;no&#8221; pb_border_bottom=&#8221;no&#8221; width=&#8221;1/1&#8243; el_position=&#8221;first last&#8221;]
<p>Adaptació de la història real de Luca a un conta contes teatralitzat amb interacció de l&#8217;alumnat/públic amb la finalitat de:</p>
<ul>
<li>Despertar el plaer per la lectura.</li>
<li>Desenvolupar valors estètics i dramàtics.</li>
<li>Familiaritzar-se amb la trama i l&#8217;estructura narrativa.</li>
<li>Afavorir l&#8217;escolta i la concentració.</li>
<li>Ensenyar a expressar-se oral i corporalment.</li>
</ul>
[/spb_text_block] [/spb_tab] [/spb_tabs] [blank_spacer height=&#8221;20px&#8221; width=&#8221;1/1&#8243; el_position=&#8221;first last&#8221;] [spb_text_block pb_margin_bottom=&#8221;no&#8221; pb_border_bottom=&#8221;no&#8221; el_class=&#8221;colorverde&#8221; width=&#8221;1/1&#8243; el_position=&#8221;first last&#8221;]
<div class="one_half"><a class="sf-button large black standard " href="https://lalalaeditorial.com/wp-content/uploads/2025/02/LA-PERRUCA-DE-LUCA_Dossier-col-legi-LALALA-Editorial_02-25.pdf" target="_blank"><span>Descarregar dossier</span></a></div><div class="one_half last"><a class="sf-button large black standard " href="mailto:hola@lalalaeditorial.com" target="_self"><span>Sol·licitar a través d&#8217;email</span></a></div><div class="clearboth"></div>
<p>&nbsp;</p>
<p>&nbsp;</p>
[/spb_text_block] [/spb_column] [spb_column width=&#8221;1/2&#8243; el_position=&#8221;last&#8221;] [spb_revslider revslider_shortcode=&#8221;actividades 1&#8243; width=&#8221;1/1&#8243; el_position=&#8221;first last&#8221;] [/spb_column] [spb_row parallax_image_height=&#8221;content-height&#8221; parallax_image_movement=&#8221;fixed&#8221; parallax_image_speed=&#8221;0.5&#8243; parallax_video_height=&#8221;window-height&#8221; parallax_video_overlay=&#8221;none&#8221; row_overlay_opacity=&#8221;0&#8243; vertical_center=&#8221;true&#8221; width=&#8221;1/1&#8243; el_position=&#8221;first last&#8221;] [spb_text_block pb_margin_bottom=&#8221;no&#8221; pb_border_bottom=&#8221;no&#8221; width=&#8221;1/1&#8243; el_position=&#8221;first last&#8221;]
<p>Des de la Regidoria d&#8217;Igualtat de l&#8217;Ajuntament d&#8217;Ontinyent es va contractar el projecte coeducatiu de &#8220;La perruca de Luca&#8221; per a pràcticament tots els col·legis del municipi.</p>
<p>Vam estar allí amb el teatre infantil i el paquet escolar amb la intenció d&#8217;afavorir la possibilitat que cada xiquet i cada xiqueta es desenrotlle lliurement.</p>
[/spb_text_block] [/spb_row] [spb_video link=&#8221;https://www.youtube.com/watch?v=Q2pp8oQatK0&#8243; full_width=&#8221;no&#8221; width=&#8221;1/1&#8243; el_position=&#8221;first last&#8221;]

<p>[spb_column width=&#8221;1/2&#8243; el_position=&#8221;first&#8221;] [spb_tabs width=&#8221;1/1&#8243; el_position=&#8221;first last&#8221;] [spb_tab title=&#8221;FORMACIÓ AL PROFESSORAT&#8221; icon=&#8221;&#8221; id=&#8221;&#8221;] [spb_text_block pb_margin_bottom=&#8221;no&#8221; pb_border_bottom=&#8221;no&#8221; width=&#8221;1/1&#8243; el_position=&#8221;first last&#8221;] Tallers complementaris a les activitats realitzades pels educadors del centre mitjançant la guia didàctica i la finalitat de la qual és: Promoure la incoporación de la coeducació a les aules. Compartir experiències d&#8217;altres centres educatius amb la inclusió de la Perruca [&hellip;]</p>
